22)?
-521
Let b(p) = -p**3 - 3*p**2 + 4*p - 9. Give b(0).
-9
Let d(s) = 31*s**2 + 12831*s - 1242. Determine d(-414).
0
Let l(f) = -3*f**3 - 329*f**2 - 216*f + 163. Calculate l(-109).
-55
Let j(g) = g**3 - 4*g**2 - 26*g - 44. Give j(8).
4
Let j(z) = z**3 + 12*z**2 + 31*z + 21. Give j(-6).
51
Let n(y) = y**2 + 110*y - 2655. Calculate n(22).
249
Let p(a) = -22*a**2 + 17*a - 4. Determine p(4).
-288
Let w(d) = -d + 12. Calculate w(17).
-5
Let a(o) = -20*o**2 - 40*o - 1. Calculate a(-2).
-1
Let i(t) = 73*t + 3432. Calculate i(-48).
-72
Let t(p) = 52*p - 324. Determine t(6).
-12
Let n(w) = -3*w**2 + 49*w - 166. Calculate n(12).
-10
Let i(o) = -42*o - 888. Calculate i(-21).
-6
Let u(n) = n**3 - 25*n**2 - 57*n - 81. Calculate u(27).
-162
Let a(m) = -5*m**2 + 11*m + 26. What is a(-3)?
-52
Let w(q) = 2*q**3 - 69*q**2 - 19*q - 556. Calculate w(35).
4
Let t(r) = r**2 - 29*r - 55. Calculate t(15).
-265
Let s(w) = 466*w - 935. Give s(2).
-3
Let p(y) = 4*y**3 + 325*y**2 - 237*y + 733. Determine p(-82).
-5
Let j(s) = 3*s**3 + 13*s**2 - 38*s - 194. Give j(-7).
-320
Let i(v) = -50*v + 1106. What is i(19)?
156
Let d(o) = 16*o + 368. What is d(-19)?
64
Let z(y) = 17*y**3 - 3*y**2 - 13*y - 9. What is z(-2)?
-131
Let u(a) = -3*a + 36. Give u(-7).
57
Let w(y) = -y**3 - 61*y**2 + 42*y + 2563. Give w(-61).
1
Let d(m) = 2*m**2 + 44*m - 3881. Determine d(35).
109
Let m(k) = 5*k**2 - 42*k + 12. What is m(5)?
-73
Let f(d) = -d**3 + 8*d**2 - 20*d + 13. Calculate f(8).
-147
Let t(x) = -x**3 + 13*x**2 - 24*x - 108. Determine t(6).
0
Let n(p) = 752*p + 12. Determine n(0).
12
Let g(q) = 16*q**2 + 62*q + 69. Determine g(-4).
77
Let g(b) = 206*b + 393. Give g(-2).
-19
Let h(l) = 128*l**3 + 22*l**2 + 23*l + 1. Give h(-1).
-128
Let a(y) = 291*y - 22379. Give a(77).
28
Let n(b) = -751*b - 6870. Give n(-9).
-111
Let d(n) = 199*n + 3586. What is d(-18)?
4
Let g(q) = 4*q**3 - 40*q**2 + 25*q + 9. Calculate g(10).
259
Let d(r) = -8*r + 48. Give d(-17).
184
Let b(q) = q**3 + 14*q**2 + 11*q - 2. What is b(-1)?
0
Let h(k) = k**2 - 61*k - 71. Determine h(62).
-9
Let g(w) = -132*w - 662. Give g(-5).
-2
Let r(l) = l**3 + 107*l**2 - 353*l - 26457. Calculate r(-108).
3
Let f(z) = -363*z**2 + 4354*z + 33. Calculate f(12).
9
Let a(c) = -c**2 + 173*c - 835. Calculate a(5).
5
Let n(j) = -j**3 - 11*j**2 - 19*j + 7. Determine n(-10).
97
Let i(z) = -3*z**2 + 41*z + 11. What is i(15)?
-49
Let d(s) = -s**3 + 62*s**2 - 234*s + 203. What is d(58)?
87
Let b(d) = d**2 + 406*d - 22785. What is b(50)?
15
Let s(x) = -x**3 - 15*x**2 + 20*x + 54. What is s(-16)?
-10
Let n(h) = 3*h**2 - 32*h - 1602. What is n(29)?
-7
Let m(w) = -w**3 + 6*w**2 - 8*w - 47. Give m(-6).
433
Let n(z) = 6*z**2 - 108*z - 5. Give n(16).
-197
Let x(s) = 9*s**2 - 107*s - 109. Calculate x(12).
-97
Let l(j) = -6855*j - 34260. What is l(-5)?
15
Let p(h) = -h**3 - h**2 - 7*h - 7. Give p(-3).
32
Let v(m) = 4*m + 103. Calculate v(-22).
15
Let k(w) = 14*w**2 + 17. Calculate k(2).
73
Let p(j) = 149*j + 58705. What is p(-394)?
-1
Let o(q) = q**3 - 108*q**2 + q - 129. Calculate o(108).
-21
Let r(h) = -22*h + 63. What is r(6)?
-69
Let y(s) = -43*s**2 + 439*s - 741. Determine y(8).
19
Let u(j) = -5*j**3 - 22*j**2 - 3*j + 24. Calculate u(-4).
4
Let n(f) = -5*f**3 - 44*f**2 + 8*f - 12. Calculate n(-9).
-3
Let a(l) = -43*l + 2110. Calculate a(49).
3
Let x(r) = -282*r**2 - 562*r + 2. Calculate x(-2).
-2
Let z(c) = 6*c + 74. Determine z(-5).
44
Let p(q) = -59*q + 711. Give p(12).
3
Let g(f) = -65*f**2 + 1630*f - 130. What is g(25)?
-5
Let v(j) = -8*j**3 + 689*j**2 - 85*j - 79. What is v(86)?
7
Let k(i) = -63*i**3 + 443*i**2 + 2*i - 103. Give k(7).
9
Let f(y) = 9*y**3 - 166*y**2 + 332*y - 1. Calculate f(2).
71
Let l(c) = -2*c**2 - 49*c - 175. Calculate l(-19).
34
Let z(h) = 10*h**2 - 78*h - 13. What is z(7)?
-69
Let t(w) = -675*w + 22951. Determine t(34).
1
Let i(k) = -k**3 - 51*k**2 - 95*k + 146. Calculate i(-49).
-1
Let c(g) = -214*g - 3427. Determine c(-16).
-3
Let v(u) = u**3 - 49*u**2 + 3*u - 143. Determine v(49).
4
Let u(m) = 4*m**2 + 87*m + 279. Determine u(-18).
9
Let y(t) = 1401*t + 2888. Determine y(-2).
86
Let f(t) = -t**2 - 27148*t + 108609. Determine f(4).
1
Let z(s) = 8*s**3 + 51*s**2 - 34*s + 5. Give z(-7).
-2
Let y(n) = 147*n + 560. Calculate y(-5).
-175
Let s(a) = 42*a + 1011. Give s(-24).
3
Let m(o) = -5*o + 328. Give m(-9).
373
Let p(u) = 17*u + 145. What is p(-8)?
9
Let n(b) = -b**3 + 20*b**2 + 11*b + 282. Give n(21).
72
Let d(q) = 17*q**2 - 27*q - 6. Determine d(3).
66
Let o(f) = -f**2 - 191*f + 1170. Calculate o(6).
-12
Let l(i) = -3*i**2 - 76*i - 61. Determine l(-21).
212
Let b(i) = -19*i**2 + 61*i - 2. Calculate b(3).
10
Let a(k) = -17*k**2 - 14*k - 5. What is a(3)?
-200
Let f(h) = -h**3 + 85*h**2 + 354*h + 174. Determine f(89).
-4
Let t(j) = 166*j - 1487. Calculate t(9).
7
Let j(f) = -48*f - 148. What is j(-8)?
236
Let h(m) = 2*m + 453. Give h(-100).
253
Let l(m) = 56*m**2 - 115*m + 18. What is l(2)?
12
Let g(p) = -p**2 - 1752*p + 206796. Determine g(111).
3
Let d(p) = -7*p**2 + 488*p - 1710. Give d(66).
6
Let f(a) = 42*a - 45. Calculate f(2).
39
Let c(r) = -12*r**3 + 288*r**2 - 2*r + 46. What is c(24)?
-2
Let s(t) = -38807*t + 310463. Calculate s(8).
7
Let a(u) = 81*u**3 + 810*u**2 - 6*u - 39. Calculate a(-10).
21
Let z(n) = -2*n**3 + 6*n**2 - 8*n + 17. What is z(6)?
-247
Let i(x) = 9*x**2 - 126*x - 134. What is i(15)?
1
Let q(t) = t**3 + 21*t**2 - 18*t + 109. Determine q(-22).
21
Let b(d) = 78*d**2 + 700*d - 10. Determine b(-9).
8
Let i(o) = 111*o + 151. What is i(-1)?
40
Let r(m) = 292*m - 28921. Give r(99).
-13
Let s(m) = 2*m**2 - 12*m - 28. Give s(12).
116
Let a(s) = -7*s + 7. Give a(-3).
28
Let a(h) = -61*h**2 + h + 307. What is a(0)?
307
Let m(z) = 3*z**2 + 9*z + 28. Determine m(-5).
58
Let g(d) = 8*d**3 + 11*d**2 - 24*d + 15. Calculate g(4).
607
Let w(j) = j**3 - 116*j**2 - 481*j + 40. Determine w(120).
-80
Let l(m) = -m**3 + 3*m**2 - 71*m + 215. Determine l(3).
2
Let x(d) = d**3 + 40*d**2 + 176*d + 39. Calculate x(-35).
4
Let b(u) = 54*u**2 - 46*u + 137. What is b(3)?
485
Let l(y) = -78*y + 684. Calculate l(9).
-18
Let j(d) = 2*d - 11. Determine j(0).
-11
Let z(p) = -p**3 + 73*p + 88. Calculate z(9).
16
Let d(i) = -i**3 + 22*i**2 - 12*i - 549. Determine d(20).
11
Let a(d) = -1348*d - 71446. Calculate a(-53).
-2
Let g(l) = -6*l**2 + 142*l + 281. Calculate g(-2).
-27
Let q(d) = -217*d**3 + d**2 - 3*d - 3. Calculate q(-1).
218
Let t(o) = 9*o - 629. What is t(70)?
1
Let m(a) = 56*a + 3320. Calculate m(-58).
72
Let t(y) = -18*y - 61. What is t(-3)?
-7
Let l(w) = -w**2 + 11*w - 6. What is l(4)?
22
Let s(x) = -3*x**3 - 16*x**2 + 71*x + 291. What is s(-6)?
-63
Let f(d) = 8*d**2 - 5*d - 23. Calculate f(-6).
295
Let v(u) = -u**3 - 3*u**2 + 18*u + 6. Calculate v(-5).
-34
Let d(h) = h**3 + 18*h**2 + 13*h - 74. Calculate d(-17).
-6
Let d(v) = 3*v**2 - 35*v + 67. Give d(11).
45
Let u(p) = -p**2 + 37*p - 222. What is u(8)?
10
Let k(h) = -266*h - 479. Give k(-2).
53
Let o(v) = -5*v + 176. Determine o(38).
-14
Let s(h) = 21*h**2 - 16*h - 7. Determine s(-3).
230
Let t(l) = -3*l**3 + 116*l**2 + 37*l + 84. Give t(39).
6
Let w(s) = -4*s**2 + 28*s - 25. What is w(8)?
-57
Let z(s) = 15*s + 93. What is z(-6)?
3
Let y(g) = -2*g**3 + 129*g**2 - 18*g + 5388. Calculate y(65).
-7
Let m(a) = a**2 - 100*a + 76. What is m(100)?
76
Let a(m) = -50*m + 308. Give a(7).
-42
Let r(z) = -7*z**3 + 3*z**2 - 9*z + 7. Determine r(1).
-6
Let g(x) = x**3 - 39*x**2 + 59*x + 554. Determine g(37).
-1
Let p(u) = u**2 + 3202*u - 12820. Determine p(4).
4
Let k(h) = h**3 - 16*h**2 + 50*h + 169. Calculate k(-2).
-3
Let m(n) = 2*n**3 + 35*n**2 - 633*n - 10888. What is m(-16)?
8
Let i(r) = -r**3 + 38*r**2 - 24*r + 296. Determine i(38).
-616
Let j(s) = 1016*s - 1018. Determine j(1).
-2
Let r(z) = 2*z**2 + 1043*z + 8289. What is r(-8)?
73
Let d(j) = 3*j**3 + 10*j**2 + 33*j - 24. Give d(-4).
-188
Let h(m) = -314*m + 1249. Calculate h(4).
-7
Let m(r) = -4*r**3 - 65*r**2 + 49*r - 51. Determine m(-17).
-17
Let u(n) = -n**2 - 72*n - 746. Determine u(-12).
-26
Let l(w) = 257*w + 5388. What is l(-21)?
-9
Let k(h) = h**3 - 21*h**2 - 100*h + 2. Give k(-4).
2
Let a(g) = 2*g**2 - 275*g + 7686. Determine a(39).
3
Let m(w) = -5*w - 201. Calculate m(-16).
-121
Let n(i) = -18*i + 23. Give n